{"id":2185,"date":"2023-01-18T16:12:23","date_gmt":"2023-01-18T15:12:23","guid":{"rendered":"https:\/\/www.chateaudecampet.com\/?page_id=2185"},"modified":"2026-04-20T11:52:45","modified_gmt":"2026-04-20T09:52:45","slug":"organiser","status":"publish","type":"page","link":"https:\/\/www.chateaudecampet.com\/index.php\/organiser\/","title":{"rendered":"Organiser"},"content":{"rendered":"\n<div class=\"wp-block-uagb-container uagb-block-c881c581 alignfull uagb-is-root-container\"><div class=\"uagb-container-inner-blocks-wrap\">\n<div class=\"wp-block-uagb-advanced-heading uagb-block-f3164016\"><h2 class=\"uagb-heading-text\">  ORGANISER<\/h2><\/div>\n<\/div><\/div>\n\n\n\n<div class=\"wp-block-uagb-container uagb-block-d60a1d23 alignfull uagb-is-root-container\"><div class=\"uagb-container-inner-blocks-wrap\">\n<div class=\"wp-block-uagb-container uagb-block-86b47fd6\">\n<div class=\"wp-block-columns is-layout-flex wp-container-core-columns-is-layout-28f84493 wp-block-columns-is-layout-flex\">\n<div class=\"wp-block-column is-layout-flow wp-block-column-is-layout-flow\">\n<div class=\"wp-block-uagb-info-box uagb-block-0a782176 uagb-infobox__content-wrap  uagb-infobox-icon-above-title uagb-infobox-image-valign-top\"><div class=\"uagb-ifb-content\"><div class=\"uagb-ifb-title-wrap\"><h3 class=\"uagb-ifb-title\">Vous avez un projet ?<\/h3><\/div><p class=\"uagb-ifb-desc\">Pour obtenir une r\u00e9ponse rapide et pr\u00e9cise, merci de r\u00e9pondre \u00e0 ce mini-questionnaire. Nous ferons de notre mieux pour vous envoyer une r\u00e9ponse sur-mesure !<\/p><\/div><\/div>\n\n\n<div class=\"wpforms-container \" id=\"wpforms-564\"><form id=\"wpforms-form-564\" class=\"wpforms-validate wpforms-form\" data-formid=\"564\" method=\"post\" enctype=\"multipart\/form-data\" action=\"\/index.php\/wp-json\/wp\/v2\/pages\/2185\" data-token=\"a419615bdb3ae1a1401c834dbe36c49e\"><div class=\"wpforms-head-container\"><div class=\"wpforms-title\">\u00c9crivez-nous !<\/div><\/div><noscript class=\"wpforms-error-noscript\">Veuillez activer JavaScript dans votre navigateur pour remplir ce formulaire.<\/noscript><div class=\"wpforms-field-container\"><div id=\"wpforms-564-field_5-container\" class=\"wpforms-field wpforms-field-name\" data-field-id=\"5\"><label class=\"wpforms-field-label\" for=\"wpforms-564-field_5\">\ud83c\udf31Nom <span class=\"wpforms-required-label\">*<\/span><\/label><div class=\"wpforms-field-row wpforms-field-medium\"><div class=\"wpforms-field-row-block wpforms-first wpforms-one-half\"><input type=\"text\" id=\"wpforms-564-field_5\" class=\"wpforms-field-name-first wpforms-field-required\" name=\"wpforms[fields][5][first]\" required><label for=\"wpforms-564-field_5\" class=\"wpforms-field-sublabel after \">Pr\u00e9nom<\/label><\/div><div class=\"wpforms-field-row-block wpforms-one-half\"><input type=\"text\" id=\"wpforms-564-field_5-last\" class=\"wpforms-field-name-last wpforms-field-required\" name=\"wpforms[fields][5][last]\" required><label for=\"wpforms-564-field_5-last\" class=\"wpforms-field-sublabel after \">Nom<\/label><\/div><\/div><\/div><div id=\"wpforms-564-field_6-container\" class=\"wpforms-field wpforms-field-email\" data-field-id=\"6\"><label class=\"wpforms-field-label\" for=\"wpforms-564-field_6\">@ Adresse e-mail <span class=\"wpforms-required-label\">*<\/span><\/label><input type=\"email\" id=\"wpforms-564-field_6\" class=\"wpforms-field-medium wpforms-field-required\" name=\"wpforms[fields][6]\" required><\/div><div id=\"wpforms-564-field_7-container\" class=\"wpforms-field wpforms-field-number\" data-field-id=\"7\"><label class=\"wpforms-field-label\" for=\"wpforms-564-field_7\">\u260f Num\u00e9ro de t\u00e9l\u00e9phone<\/label><input type=\"number\" pattern=\"\\d*\" id=\"wpforms-564-field_7\" class=\"wpforms-field-medium\" name=\"wpforms[fields][7]\" ><\/div><div id=\"wpforms-564-field_9-container\" class=\"wpforms-field wpforms-field-checkbox\" data-field-id=\"9\"><label class=\"wpforms-field-label\" for=\"wpforms-564-field_9\">\ud83c\udf8aType d&#039;\u00e9v\u00e9nement (plusieurs choix possibles) : <span class=\"wpforms-required-label\">*<\/span><\/label><ul id=\"wpforms-564-field_9\" class=\"wpforms-field-required\" data-choice-limit=\"5\"><li class=\"choice-1 depth-1\"><input type=\"checkbox\" id=\"wpforms-564-field_9_1\" data-rule-check-limit=\"true\" name=\"wpforms[fields][9][]\" value=\"Mariage\" required ><label class=\"wpforms-field-label-inline\" for=\"wpforms-564-field_9_1\">Mariage<\/label><\/li><li class=\"choice-2 depth-1\"><input type=\"checkbox\" id=\"wpforms-564-field_9_2\" data-rule-check-limit=\"true\" name=\"wpforms[fields][9][]\" value=\"Bapt\u00eame, anniversaire, etc...\" required ><label class=\"wpforms-field-label-inline\" for=\"wpforms-564-field_9_2\">Bapt\u00eame, anniversaire, etc...<\/label><\/li><li class=\"choice-3 depth-1\"><input type=\"checkbox\" id=\"wpforms-564-field_9_3\" data-rule-check-limit=\"true\" name=\"wpforms[fields][9][]\" value=\"H\u00e9bergement\" required ><label class=\"wpforms-field-label-inline\" for=\"wpforms-564-field_9_3\">H\u00e9bergement<\/label><\/li><li class=\"choice-4 depth-1\"><input type=\"checkbox\" id=\"wpforms-564-field_9_4\" data-rule-check-limit=\"true\" name=\"wpforms[fields][9][]\" value=\"S\u00e9minaire ou \u00e9v\u00e9nement d&#039;entreprise\" required ><label class=\"wpforms-field-label-inline\" for=\"wpforms-564-field_9_4\">S\u00e9minaire ou \u00e9v\u00e9nement d'entreprise<\/label><\/li><li class=\"choice-6 depth-1\"><input type=\"checkbox\" id=\"wpforms-564-field_9_6\" data-rule-check-limit=\"true\" name=\"wpforms[fields][9][]\" value=\"Autres\" required ><label class=\"wpforms-field-label-inline\" for=\"wpforms-564-field_9_6\">Autres<\/label><\/li><\/ul><\/div><div id=\"wpforms-564-field_11-container\" class=\"wpforms-field wpforms-field-number\" data-field-id=\"11\"><label class=\"wpforms-field-label\" for=\"wpforms-564-field_11\">\ud83d\udc6bNombre de convives (environ) :<\/label><input type=\"number\" pattern=\"\\d*\" id=\"wpforms-564-field_11\" class=\"wpforms-field-medium\" name=\"wpforms[fields][11]\" ><\/div><div id=\"wpforms-564-field_12-container\" class=\"wpforms-field wpforms-field-text\" data-field-id=\"12\"><label class=\"wpforms-field-label\" for=\"wpforms-564-field_12\">\ud83d\udcc6 Dates souhait\u00e9es :<\/label><input type=\"text\" id=\"wpforms-564-field_12\" class=\"wpforms-field-medium\" name=\"wpforms[fields][12]\" ><\/div><div id=\"wpforms-564-field_13-container\" class=\"wpforms-field wpforms-field-text\" data-field-id=\"13\"><label class=\"wpforms-field-label\" for=\"wpforms-564-field_13\">\ud83d\udd05Vos envies, id\u00e9es et questions :<\/label><input type=\"text\" id=\"wpforms-564-field_13\" class=\"wpforms-field-large\" name=\"wpforms[fields][13]\" ><\/div><\/div><div class=\"wpforms-field wpforms-field-hp\"><label for=\"wpforms-564-field-hp\" class=\"wpforms-field-label\">Phone<\/label><input type=\"text\" name=\"wpforms[hp]\" id=\"wpforms-564-field-hp\" class=\"wpforms-field-medium\"><\/div><div class=\"wpforms-submit-container\"><input type=\"hidden\" name=\"wpforms[id]\" value=\"564\"><input type=\"hidden\" name=\"wpforms[author]\" value=\"1\"><button type=\"submit\" name=\"wpforms[submit]\" id=\"wpforms-submit-564\" class=\"wpforms-submit\" data-alt-text=\"Envoi en Cours\" data-submit-text=\"Envoyer \" aria-live=\"assertive\" value=\"wpforms-submit\">Envoyer <\/button><\/div><\/form><\/div>  <!-- .wpforms-container --><\/div>\n\n\n\n<div class=\"wp-block-column is-layout-flow wp-block-column-is-layout-flow\">\n<div class=\"wp-block-uagb-info-box uagb-block-e07ceb41 uagb-infobox__content-wrap  uagb-infobox-icon-above-title uagb-infobox-image-valign-top\"><div class=\"uagb-ifb-content\"><div class=\"uagb-ifb-title-wrap\"><h3 class=\"uagb-ifb-title\">Calendrier<\/h3><\/div><p class=\"uagb-ifb-desc\">Ce calendrier est mis \u00e0 jour r\u00e9guli\u00e8rement. Les plages disponibles s\u2019affichent en vert. Si une date vous int\u00e9resse, merci de nous contacter&nbsp;<a href=\"https:\/\/www.chateaudecampet.com\/index.php\/ecrivez-nous\/\">ici&nbsp;<\/a>!&nbsp;<strong>Les visites se font donc exclusivement sur rendez-vous.<\/strong><br><a href=\"https:\/\/www.chateaudecampet.com\/index.php\/organiser\/?preview_id=2185&amp;preview_nonce=c676b8915a&amp;preview=true#\"><\/a><\/p><\/div><\/div>\n\n\n<div style=\"padding: 20px; background-color: #f1f1f1;\">Please select a calendar to display.<\/div>\n\n\n<div class=\"wp-block-uagb-container uagb-block-8386fb5b\">\n<div class=\"wp-block-uagb-info-box uagb-block-1e0b996e uagb-infobox__content-wrap  uagb-infobox-icon-above-title uagb-infobox-image-valign-top\"><div class=\"uagb-ifb-content\"><div class=\"uagb-ifb-title-wrap\"><h3 class=\"uagb-ifb-title\">Disponibilit\u00e9s<\/h3><\/div><p class=\"uagb-ifb-desc\">Ev\u00e9nements 2026 : nous contacter<br><br><strong>DATES DISPONIBLES MARIAGES 202<\/strong>7<br>du vendredi au dimanche<br>1, 8, 22, 29 mai<br>19 juin<br>3, 31 juillet<br>14, 21 ao\u00fbt<br>11 septembre<br>Tout octobre<\/p><\/div><\/div>\n\n\n\n<p class=\"has-luminous-vivid-orange-color has-text-color has-link-color wp-elements-fa6d385b51090b83cbcc55f3402f06d6\" style=\"font-size:38px\"><\/p>\n\n\n\n<p><\/p>\n\n\n\n<p><\/p>\n\n\n\n<p><\/p>\n\n\n\n<p><\/p>\n<\/div>\n<\/div>\n<\/div>\n<\/div>\n<\/div><\/div>\n","protected":false},"excerpt":{"rendered":"","protected":false},"author":1,"featured_media":0,"parent":0,"menu_order":0,"comment_status":"closed","ping_status":"closed","template":"","meta":{"_uag_custom_page_level_css":"","site-sidebar-layout":"no-sidebar","site-content-layout":"plain-container","ast-global-header-display":"","ast-main-header-display":"","ast-hfb-above-header-display":"","ast-hfb-below-header-display":"","ast-hfb-mobile-header-display":"","site-post-title":"disabled","ast-breadcrumbs-content":"","ast-featured-img":"disabled","footer-sml-layout":"","theme-transparent-header-meta":"enabled","adv-header-id-meta":"","stick-header-meta":"","header-above-stick-meta":"","header-main-stick-meta":"","header-below-stick-meta":"","ngg_post_thumbnail":0,"footnotes":""},"class_list":["post-2185","page","type-page","status-publish","hentry"],"yoast_head":"<!-- This site is optimized with the Yoast SEO plugin v22.8 - https:\/\/yoast.com\/wordpress\/plugins\/seo\/ -->\n<title>Organiser - Ch\u00e2teau de Campet<\/title>\n<meta name=\"robots\" content=\"index, follow, max-snippet:-1, max-image-preview:large, max-video-preview:-1\" \/>\n<link rel=\"canonical\" href=\"https:\/\/www.chateaudecampet.com\/index.php\/organiser\/\" \/>\n<meta property=\"og:locale\" content=\"fr_FR\" \/>\n<meta property=\"og:type\" content=\"article\" \/>\n<meta property=\"og:title\" content=\"Organiser - Ch\u00e2teau de Campet\" \/>\n<meta property=\"og:url\" content=\"https:\/\/www.chateaudecampet.com\/index.php\/organiser\/\" \/>\n<meta property=\"og:site_name\" content=\"Ch\u00e2teau de Campet\" \/>\n<meta property=\"article:publisher\" content=\"https:\/\/www.facebook.com\/ChateaudeCampet\/\" \/>\n<meta property=\"article:modified_time\" content=\"2026-04-20T09:52:45+00:00\" \/>\n<meta name=\"twitter:card\" content=\"summary_large_image\" \/>\n<meta name=\"twitter:label1\" content=\"Dur\u00e9e de lecture estim\u00e9e\" \/>\n\t<meta name=\"twitter:data1\" content=\"1 minute\" \/>\n<script type=\"application\/ld+json\" class=\"yoast-schema-graph\">{\"@context\":\"https:\/\/schema.org\",\"@graph\":[{\"@type\":\"WebPage\",\"@id\":\"https:\/\/www.chateaudecampet.com\/index.php\/organiser\/\",\"url\":\"https:\/\/www.chateaudecampet.com\/index.php\/organiser\/\",\"name\":\"Organiser - Ch\u00e2teau de Campet\",\"isPartOf\":{\"@id\":\"https:\/\/www.chateaudecampet.com\/#website\"},\"datePublished\":\"2023-01-18T15:12:23+00:00\",\"dateModified\":\"2026-04-20T09:52:45+00:00\",\"breadcrumb\":{\"@id\":\"https:\/\/www.chateaudecampet.com\/index.php\/organiser\/#breadcrumb\"},\"inLanguage\":\"fr-FR\",\"potentialAction\":[{\"@type\":\"ReadAction\",\"target\":[\"https:\/\/www.chateaudecampet.com\/index.php\/organiser\/\"]}]},{\"@type\":\"BreadcrumbList\",\"@id\":\"https:\/\/www.chateaudecampet.com\/index.php\/organiser\/#breadcrumb\",\"itemListElement\":[{\"@type\":\"ListItem\",\"position\":1,\"name\":\"Accueil\",\"item\":\"https:\/\/www.chateaudecampet.com\/\"},{\"@type\":\"ListItem\",\"position\":2,\"name\":\"Organiser\"}]},{\"@type\":\"WebSite\",\"@id\":\"https:\/\/www.chateaudecampet.com\/#website\",\"url\":\"https:\/\/www.chateaudecampet.com\/\",\"name\":\"Ch\u00e2teau de Campet\",\"description\":\"Maison de familles depuis 1230\",\"publisher\":{\"@id\":\"https:\/\/www.chateaudecampet.com\/#organization\"},\"potentialAction\":[{\"@type\":\"SearchAction\",\"target\":{\"@type\":\"EntryPoint\",\"urlTemplate\":\"https:\/\/www.chateaudecampet.com\/?s={search_term_string}\"},\"query-input\":\"required name=search_term_string\"}],\"inLanguage\":\"fr-FR\"},{\"@type\":\"Organization\",\"@id\":\"https:\/\/www.chateaudecampet.com\/#organization\",\"name\":\"Ch\u00e2teau de Campet\",\"url\":\"https:\/\/www.chateaudecampet.com\/\",\"logo\":{\"@type\":\"ImageObject\",\"inLanguage\":\"fr-FR\",\"@id\":\"https:\/\/www.chateaudecampet.com\/#\/schema\/logo\/image\/\",\"url\":\"https:\/\/www.chateaudecampet.com\/wp-content\/uploads\/2023\/02\/cropped-Logo-Acceuil.png\",\"contentUrl\":\"https:\/\/www.chateaudecampet.com\/wp-content\/uploads\/2023\/02\/cropped-Logo-Acceuil.png\",\"width\":733,\"height\":672,\"caption\":\"Ch\u00e2teau de Campet\"},\"image\":{\"@id\":\"https:\/\/www.chateaudecampet.com\/#\/schema\/logo\/image\/\"},\"sameAs\":[\"https:\/\/www.facebook.com\/ChateaudeCampet\/\",\"https:\/\/instagram.com\/chateau_de_campet\/\"]}]}<\/script>\n<!-- \/ Yoast SEO plugin. -->","yoast_head_json":{"title":"Organiser - Ch\u00e2teau de Campet","robots":{"index":"index","follow":"follow","max-snippet":"max-snippet:-1","max-image-preview":"max-image-preview:large","max-video-preview":"max-video-preview:-1"},"canonical":"https:\/\/www.chateaudecampet.com\/index.php\/organiser\/","og_locale":"fr_FR","og_type":"article","og_title":"Organiser - Ch\u00e2teau de Campet","og_url":"https:\/\/www.chateaudecampet.com\/index.php\/organiser\/","og_site_name":"Ch\u00e2teau de Campet","article_publisher":"https:\/\/www.facebook.com\/ChateaudeCampet\/","article_modified_time":"2026-04-20T09:52:45+00:00","twitter_card":"summary_large_image","twitter_misc":{"Dur\u00e9e de lecture estim\u00e9e":"1 minute"},"schema":{"@context":"https:\/\/schema.org","@graph":[{"@type":"WebPage","@id":"https:\/\/www.chateaudecampet.com\/index.php\/organiser\/","url":"https:\/\/www.chateaudecampet.com\/index.php\/organiser\/","name":"Organiser - Ch\u00e2teau de Campet","isPartOf":{"@id":"https:\/\/www.chateaudecampet.com\/#website"},"datePublished":"2023-01-18T15:12:23+00:00","dateModified":"2026-04-20T09:52:45+00:00","breadcrumb":{"@id":"https:\/\/www.chateaudecampet.com\/index.php\/organiser\/#breadcrumb"},"inLanguage":"fr-FR","potentialAction":[{"@type":"ReadAction","target":["https:\/\/www.chateaudecampet.com\/index.php\/organiser\/"]}]},{"@type":"BreadcrumbList","@id":"https:\/\/www.chateaudecampet.com\/index.php\/organiser\/#breadcrumb","itemListElement":[{"@type":"ListItem","position":1,"name":"Accueil","item":"https:\/\/www.chateaudecampet.com\/"},{"@type":"ListItem","position":2,"name":"Organiser"}]},{"@type":"WebSite","@id":"https:\/\/www.chateaudecampet.com\/#website","url":"https:\/\/www.chateaudecampet.com\/","name":"Ch\u00e2teau de Campet","description":"Maison de familles depuis 1230","publisher":{"@id":"https:\/\/www.chateaudecampet.com\/#organization"},"potentialAction":[{"@type":"SearchAction","target":{"@type":"EntryPoint","urlTemplate":"https:\/\/www.chateaudecampet.com\/?s={search_term_string}"},"query-input":"required name=search_term_string"}],"inLanguage":"fr-FR"},{"@type":"Organization","@id":"https:\/\/www.chateaudecampet.com\/#organization","name":"Ch\u00e2teau de Campet","url":"https:\/\/www.chateaudecampet.com\/","logo":{"@type":"ImageObject","inLanguage":"fr-FR","@id":"https:\/\/www.chateaudecampet.com\/#\/schema\/logo\/image\/","url":"https:\/\/www.chateaudecampet.com\/wp-content\/uploads\/2023\/02\/cropped-Logo-Acceuil.png","contentUrl":"https:\/\/www.chateaudecampet.com\/wp-content\/uploads\/2023\/02\/cropped-Logo-Acceuil.png","width":733,"height":672,"caption":"Ch\u00e2teau de Campet"},"image":{"@id":"https:\/\/www.chateaudecampet.com\/#\/schema\/logo\/image\/"},"sameAs":["https:\/\/www.facebook.com\/ChateaudeCampet\/","https:\/\/instagram.com\/chateau_de_campet\/"]}]}},"uagb_featured_image_src":{"full":false,"thumbnail":false,"medium":false,"medium_large":false,"large":false,"1536x1536":false,"2048x2048":false},"uagb_author_info":{"display_name":"admin","author_link":"https:\/\/www.chateaudecampet.com\/index.php\/author\/admin\/"},"uagb_comment_info":0,"uagb_excerpt":null,"_links":{"self":[{"href":"https:\/\/www.chateaudecampet.com\/index.php\/wp-json\/wp\/v2\/pages\/2185","targetHints":{"allow":["GET"]}}],"collection":[{"href":"https:\/\/www.chateaudecampet.com\/index.php\/wp-json\/wp\/v2\/pages"}],"about":[{"href":"https:\/\/www.chateaudecampet.com\/index.php\/wp-json\/wp\/v2\/types\/page"}],"author":[{"embeddable":true,"href":"https:\/\/www.chateaudecampet.com\/index.php\/wp-json\/wp\/v2\/users\/1"}],"replies":[{"embeddable":true,"href":"https:\/\/www.chateaudecampet.com\/index.php\/wp-json\/wp\/v2\/comments?post=2185"}],"version-history":[{"count":55,"href":"https:\/\/www.chateaudecampet.com\/index.php\/wp-json\/wp\/v2\/pages\/2185\/revisions"}],"predecessor-version":[{"id":3688,"href":"https:\/\/www.chateaudecampet.com\/index.php\/wp-json\/wp\/v2\/pages\/2185\/revisions\/3688"}],"wp:attachment":[{"href":"https:\/\/www.chateaudecampet.com\/index.php\/wp-json\/wp\/v2\/media?parent=2185"}],"curies":[{"name":"wp","href":"https:\/\/api.w.org\/{rel}","templated":true}]}}